{"id":4714,"date":"2025-11-13T11:25:36","date_gmt":"2025-11-13T10:25:36","guid":{"rendered":"https:\/\/parcbellevue.com\/les-seniors\/"},"modified":"2025-11-27T12:23:55","modified_gmt":"2025-11-27T11:23:55","slug":"les-seniors","status":"publish","type":"page","link":"https:\/\/parcbellevue.com\/es\/les-seniors\/","title":{"rendered":"Mayores"},"content":{"rendered":"<section id=\"ls-section-block_8f132a5f5ed2e40bb8a1b24303f37d9b\" class=\"ls-section \" >\r\n        <div class=\"container \">\r\n        \n\n<h1 class=\"ls__heading wp-block-heading has-text-align-center\"><strong>Seniors &#8211; Largas estancias en el Camping Parc Bellevue Cannes<\/strong><\/h1>\n\n\n\n<p class=\"ls-paragraph has-text-align-center\">Entre el alojamiento y el Palacio de Festivales crea una p\u00e1gina \u00abPaquetes para mayores\u00bb.<\/p>\n\n\n\n<p class=\"ls-paragraph has-text-align-center\">\u00bfTienes m\u00e1s de 60 a\u00f1os? \u00a1Descubre nuestra oferta para mayores!<\/p>\n\n\n\n<p class=\"ls-paragraph has-text-align-center\">Una escapada de 28 d\u00edas para 2 personas, ideal para disfrutar del ritmo suave de la vida de marzo a junio y de septiembre a diciembre.<\/p>\n\n\r\n    <\/div>\r\n<\/section><section id=\"ls-section-block_f72284ffff2696acbb725ca25bf2dd8f\" class=\"ls-section  page-two home-third has-m-t m-t-0 has-m-b m-b-0 has-m-l m-l-0 has-m-r m-r-0\" >\r\n        <div class=\"container container--wide\">\r\n        \n\n<div class=\"wp-block-columns are-vertically-aligned-center has-color-6-background-color has-background is-layout-flex wp-container-core-columns-is-layout-9d6595d7 wp-block-columns-is-layout-flex\">\n<div class=\"wp-block-column is-vertically-aligned-center is-layout-flow wp-block-column-is-layout-flow\">\n<figure class=\"wp-block-image size-large\"><img decoding=\"async\" width=\"768\" height=\"1024\" src=\"https:\/\/parcbellevue.com\/wp-content\/uploads\/2025\/11\/evenement-senior-768x1024.jpg\" alt=\"evento para mayores\" class=\"wp-image-4612\" srcset=\"https:\/\/parcbellevue.com\/wp-content\/uploads\/2025\/11\/evenement-senior-768x1024.jpg 768w, https:\/\/parcbellevue.com\/wp-content\/uploads\/2025\/11\/evenement-senior-225x300.jpg 225w, https:\/\/parcbellevue.com\/wp-content\/uploads\/2025\/11\/evenement-senior-1152x1536.jpg 1152w, https:\/\/parcbellevue.com\/wp-content\/uploads\/2025\/11\/evenement-senior-1536x2048.jpg 1536w, https:\/\/parcbellevue.com\/wp-content\/uploads\/2025\/11\/evenement-senior-scaled.jpg 1920w\" sizes=\"(max-width: 768px) 100vw, 768px\" \/><\/figure>\n<\/div>\n\n\n\n<div class=\"wp-block-column is-vertically-aligned-center is-layout-flow wp-block-column-is-layout-flow\">\n<h2 class=\"ls__heading wp-block-heading has-large-font-size\"><strong>Estancias de larga duraci\u00f3n<\/strong><\/h2>\n\n\n\n<p class=\"ls-paragraph has-color-white-color has-text-color has-link-color wp-elements-a0c805e23ed0674dcb12372d20f28fe6\">T\u00f3mate tu tiempo para recargar las pilas, descubrir la regi\u00f3n y disfrutar de la Costa Azul en un entorno tranquilo y frondoso.<\/p>\n\n\n\n<h2 class=\"ls__heading wp-block-heading has-large-font-size\"><strong>Periodos disponibles<\/strong><\/h2>\n\n\n\n<ul class=\"ls-list ls-list-undefined wp-block-list\">\n<li class=\"has-color-white-color has-text-color has-link-color wp-elements-ac85008c63bc602f109f62cafddc1133\">De marzo a junio<\/li>\n\n\n\n<li class=\"has-color-white-color has-text-color has-link-color wp-elements-b24a5371fb0cf39acd44f89994b6ad8d\">De septiembre a diciembre<\/li>\n<\/ul>\n\n\n\n<h2 class=\"ls__heading wp-block-heading has-large-font-size\"><strong>Las ventajas del paquete<\/strong><\/h2>\n\n\n\n<ul class=\"ls-list ls-list-undefined wp-block-list\">\n<li class=\"has-color-white-color has-text-color has-link-color wp-elements-f04cb3ff49dbee87e743faa70ab325ad\">Tarifas preferentes para estancias de larga duraci\u00f3n<\/li>\n\n\n\n<li class=\"has-color-white-color has-text-color has-link-color wp-elements-5baf0c15bbdc0d9facb9372fbbc87f67\">Un entorno relajante, perfecto para desconectar<\/li>\n\n\n\n<li class=\"has-color-white-color has-text-color has-link-color wp-elements-925da5627d4794abe1c3692bf9426dcb\">Acceso a todas las instalaciones del camping (piscina, restaurante, animaci\u00f3n seg\u00fan la temporada&#8230;)<\/li>\n\n\n\n<li class=\"has-color-white-color has-text-color has-link-color wp-elements-563857f34197e9621ad92aabdf8129a5\">La proximidad de Cannes, el Mar Mediterr\u00e1neo y los pueblos t\u00edpicos de la Provenza<\/li>\n<\/ul>\n<\/div>\n<\/div>\n\n\r\n    <\/div>\r\n<\/section><section id=\"ls-section-block_ed240dbc48ed133566772d791f76601a\" class=\"ls-section  has-m-t m-t-0\" >\r\n        <div class=\"container \">\r\n        \n\n<p class=\"ls-paragraph has-text-align-center has-color-1-color has-text-color\">\ud83d\udc49 Reg\u00e1late un mes de vacaciones en completa tranquilidad, en un ambiente c\u00e1lido y acogedor especialmente dise\u00f1ado para personas mayores.<\/p>\n\n\n\n<p class=\"ls-paragraph has-text-align-center has-color-1-color has-text-color\">Ponte en contacto con nosotros directamente en el 04 93 47 28 97 para informarte sobre nuestra disponibilidad y ofertas.<\/p>\n\n\r\n    <\/div>\r\n<\/section>","protected":false},"excerpt":{"rendered":"","protected":false},"author":1,"featured_media":0,"parent":0,"menu_order":0,"comment_status":"closed","ping_status":"closed","template":"","meta":{"_acf_changed":false,"footnotes":""},"sujet":[],"class_list":["post-4714","page","type-page","status-publish","hentry"],"acf":[],"yoast_head":"<!-- This site is optimized with the Yoast SEO plugin v23.4 - https:\/\/yoast.com\/wordpress\/plugins\/seo\/ -->\n<title>Mayores - Camping Parc Bellevue<\/title>\n<meta name=\"robots\" content=\"index, follow, max-snippet:-1, max-image-preview:large, max-video-preview:-1\" \/>\n<link rel=\"canonical\" href=\"https:\/\/parcbellevue.com\/es\/les-seniors\/\" \/>\n<meta property=\"og:locale\" content=\"es_ES\" \/>\n<meta property=\"og:type\" content=\"article\" \/>\n<meta property=\"og:title\" content=\"Mayores - Camping Parc Bellevue\" \/>\n<meta property=\"og:url\" content=\"https:\/\/parcbellevue.com\/es\/les-seniors\/\" \/>\n<meta property=\"og:site_name\" content=\"Camping Parc Bellevue\" \/>\n<meta property=\"article:modified_time\" content=\"2025-11-27T11:23:55+00:00\" \/>\n<meta property=\"og:image\" content=\"https:\/\/parcbellevue.com\/wp-content\/uploads\/2025\/11\/evenement-senior-768x1024.jpg\" \/>\n<meta name=\"twitter:card\" content=\"summary_large_image\" \/>\n<meta name=\"twitter:label1\" content=\"Tiempo de lectura\" \/>\n\t<meta name=\"twitter:data1\" content=\"1 minuto\" \/>\n<script type=\"application\/ld+json\" class=\"yoast-schema-graph\">{\"@context\":\"https:\/\/schema.org\",\"@graph\":[{\"@type\":\"WebPage\",\"@id\":\"https:\/\/parcbellevue.com\/es\/les-seniors\/\",\"url\":\"https:\/\/parcbellevue.com\/es\/les-seniors\/\",\"name\":\"Mayores - Camping Parc Bellevue\",\"isPartOf\":{\"@id\":\"https:\/\/parcbellevue.com\/#website\"},\"primaryImageOfPage\":{\"@id\":\"https:\/\/parcbellevue.com\/es\/les-seniors\/#primaryimage\"},\"image\":{\"@id\":\"https:\/\/parcbellevue.com\/es\/les-seniors\/#primaryimage\"},\"thumbnailUrl\":\"https:\/\/parcbellevue.com\/wp-content\/uploads\/2025\/11\/evenement-senior-768x1024.jpg\",\"datePublished\":\"2025-11-13T10:25:36+00:00\",\"dateModified\":\"2025-11-27T11:23:55+00:00\",\"breadcrumb\":{\"@id\":\"https:\/\/parcbellevue.com\/es\/les-seniors\/#breadcrumb\"},\"inLanguage\":\"es\",\"potentialAction\":[{\"@type\":\"ReadAction\",\"target\":[\"https:\/\/parcbellevue.com\/es\/les-seniors\/\"]}]},{\"@type\":\"ImageObject\",\"inLanguage\":\"es\",\"@id\":\"https:\/\/parcbellevue.com\/es\/les-seniors\/#primaryimage\",\"url\":\"https:\/\/parcbellevue.com\/wp-content\/uploads\/2025\/11\/evenement-senior-768x1024.jpg\",\"contentUrl\":\"https:\/\/parcbellevue.com\/wp-content\/uploads\/2025\/11\/evenement-senior-768x1024.jpg\"},{\"@type\":\"BreadcrumbList\",\"@id\":\"https:\/\/parcbellevue.com\/es\/les-seniors\/#breadcrumb\",\"itemListElement\":[{\"@type\":\"ListItem\",\"position\":1,\"name\":\"Camping Cannes\",\"item\":\"https:\/\/parcbellevue.com\/es\/\"},{\"@type\":\"ListItem\",\"position\":2,\"name\":\"Mayores\"}]},{\"@type\":\"WebSite\",\"@id\":\"https:\/\/parcbellevue.com\/#website\",\"url\":\"https:\/\/parcbellevue.com\/\",\"name\":\"Camping Parc Bellevue\",\"description\":\"\",\"publisher\":{\"@id\":\"https:\/\/parcbellevue.com\/#organization\"},\"potentialAction\":[{\"@type\":\"SearchAction\",\"target\":{\"@type\":\"EntryPoint\",\"urlTemplate\":\"https:\/\/parcbellevue.com\/?s={search_term_string}\"},\"query-input\":{\"@type\":\"PropertyValueSpecification\",\"valueRequired\":true,\"valueName\":\"search_term_string\"}}],\"inLanguage\":\"es\"},{\"@type\":\"Organization\",\"@id\":\"https:\/\/parcbellevue.com\/#organization\",\"name\":\"Camping Parc Bellevue\",\"url\":\"https:\/\/parcbellevue.com\/\",\"logo\":{\"@type\":\"ImageObject\",\"inLanguage\":\"es\",\"@id\":\"https:\/\/parcbellevue.com\/#\/schema\/logo\/image\/\",\"url\":\"https:\/\/parcbellevue.com\/wp-content\/uploads\/2022\/11\/cropped-logo-camping-parc-bellevue.png\",\"contentUrl\":\"https:\/\/parcbellevue.com\/wp-content\/uploads\/2022\/11\/cropped-logo-camping-parc-bellevue.png\",\"width\":902,\"height\":904,\"caption\":\"Camping Parc Bellevue\"},\"image\":{\"@id\":\"https:\/\/parcbellevue.com\/#\/schema\/logo\/image\/\"}}]}<\/script>\n<!-- \/ Yoast SEO plugin. -->","yoast_head_json":{"title":"Mayores - Camping Parc Bellevue","robots":{"index":"index","follow":"follow","max-snippet":"max-snippet:-1","max-image-preview":"max-image-preview:large","max-video-preview":"max-video-preview:-1"},"canonical":"https:\/\/parcbellevue.com\/es\/les-seniors\/","og_locale":"es_ES","og_type":"article","og_title":"Mayores - Camping Parc Bellevue","og_url":"https:\/\/parcbellevue.com\/es\/les-seniors\/","og_site_name":"Camping Parc Bellevue","article_modified_time":"2025-11-27T11:23:55+00:00","og_image":[{"url":"https:\/\/parcbellevue.com\/wp-content\/uploads\/2025\/11\/evenement-senior-768x1024.jpg"}],"twitter_card":"summary_large_image","twitter_misc":{"Tiempo de lectura":"1 minuto"},"schema":{"@context":"https:\/\/schema.org","@graph":[{"@type":"WebPage","@id":"https:\/\/parcbellevue.com\/es\/les-seniors\/","url":"https:\/\/parcbellevue.com\/es\/les-seniors\/","name":"Mayores - Camping Parc Bellevue","isPartOf":{"@id":"https:\/\/parcbellevue.com\/#website"},"primaryImageOfPage":{"@id":"https:\/\/parcbellevue.com\/es\/les-seniors\/#primaryimage"},"image":{"@id":"https:\/\/parcbellevue.com\/es\/les-seniors\/#primaryimage"},"thumbnailUrl":"https:\/\/parcbellevue.com\/wp-content\/uploads\/2025\/11\/evenement-senior-768x1024.jpg","datePublished":"2025-11-13T10:25:36+00:00","dateModified":"2025-11-27T11:23:55+00:00","breadcrumb":{"@id":"https:\/\/parcbellevue.com\/es\/les-seniors\/#breadcrumb"},"inLanguage":"es","potentialAction":[{"@type":"ReadAction","target":["https:\/\/parcbellevue.com\/es\/les-seniors\/"]}]},{"@type":"ImageObject","inLanguage":"es","@id":"https:\/\/parcbellevue.com\/es\/les-seniors\/#primaryimage","url":"https:\/\/parcbellevue.com\/wp-content\/uploads\/2025\/11\/evenement-senior-768x1024.jpg","contentUrl":"https:\/\/parcbellevue.com\/wp-content\/uploads\/2025\/11\/evenement-senior-768x1024.jpg"},{"@type":"BreadcrumbList","@id":"https:\/\/parcbellevue.com\/es\/les-seniors\/#breadcrumb","itemListElement":[{"@type":"ListItem","position":1,"name":"Camping Cannes","item":"https:\/\/parcbellevue.com\/es\/"},{"@type":"ListItem","position":2,"name":"Mayores"}]},{"@type":"WebSite","@id":"https:\/\/parcbellevue.com\/#website","url":"https:\/\/parcbellevue.com\/","name":"Camping Parc Bellevue","description":"","publisher":{"@id":"https:\/\/parcbellevue.com\/#organization"},"potentialAction":[{"@type":"SearchAction","target":{"@type":"EntryPoint","urlTemplate":"https:\/\/parcbellevue.com\/?s={search_term_string}"},"query-input":{"@type":"PropertyValueSpecification","valueRequired":true,"valueName":"search_term_string"}}],"inLanguage":"es"},{"@type":"Organization","@id":"https:\/\/parcbellevue.com\/#organization","name":"Camping Parc Bellevue","url":"https:\/\/parcbellevue.com\/","logo":{"@type":"ImageObject","inLanguage":"es","@id":"https:\/\/parcbellevue.com\/#\/schema\/logo\/image\/","url":"https:\/\/parcbellevue.com\/wp-content\/uploads\/2022\/11\/cropped-logo-camping-parc-bellevue.png","contentUrl":"https:\/\/parcbellevue.com\/wp-content\/uploads\/2022\/11\/cropped-logo-camping-parc-bellevue.png","width":902,"height":904,"caption":"Camping Parc Bellevue"},"image":{"@id":"https:\/\/parcbellevue.com\/#\/schema\/logo\/image\/"}}]}},"_links":{"self":[{"href":"https:\/\/parcbellevue.com\/es\/wp-json\/wp\/v2\/pages\/4714","targetHints":{"allow":["GET"]}}],"collection":[{"href":"https:\/\/parcbellevue.com\/es\/wp-json\/wp\/v2\/pages"}],"about":[{"href":"https:\/\/parcbellevue.com\/es\/wp-json\/wp\/v2\/types\/page"}],"author":[{"embeddable":true,"href":"https:\/\/parcbellevue.com\/es\/wp-json\/wp\/v2\/users\/1"}],"replies":[{"embeddable":true,"href":"https:\/\/parcbellevue.com\/es\/wp-json\/wp\/v2\/comments?post=4714"}],"version-history":[{"count":3,"href":"https:\/\/parcbellevue.com\/es\/wp-json\/wp\/v2\/pages\/4714\/revisions"}],"predecessor-version":[{"id":4913,"href":"https:\/\/parcbellevue.com\/es\/wp-json\/wp\/v2\/pages\/4714\/revisions\/4913"}],"wp:attachment":[{"href":"https:\/\/parcbellevue.com\/es\/wp-json\/wp\/v2\/media?parent=4714"}],"wp:term":[{"taxonomy":"sujet","embeddable":true,"href":"https:\/\/parcbellevue.com\/es\/wp-json\/wp\/v2\/sujet?post=4714"}],"curies":[{"name":"wp","href":"https:\/\/api.w.org\/{rel}","templated":true}]}}

<section id="ls-section-block_8f132a5f5ed2e40bb8a1b24303f37d9b" class="ls-section " >
        <div class="container ">
        

<h1 class="ls__heading wp-block-heading has-text-align-center"><strong>Seniors &#8211; Largas estancias en el Camping Parc Bellevue Cannes</strong></h1>



<p class="ls-paragraph has-text-align-center">Entre el alojamiento y el Palacio de Festivales crea una página «Paquetes para mayores».</p>



<p class="ls-paragraph has-text-align-center">¿Tienes más de 60 años? ¡Descubre nuestra oferta para mayores!</p>



<p class="ls-paragraph has-text-align-center">Una escapada de 28 días para 2 personas, ideal para disfrutar del ritmo suave de la vida de marzo a junio y de septiembre a diciembre.</p>


    </div>
</section><section id="ls-section-block_f72284ffff2696acbb725ca25bf2dd8f" class="ls-section  page-two home-third has-m-t m-t-0 has-m-b m-b-0 has-m-l m-l-0 has-m-r m-r-0" >
        <div class="container container--wide">
        

<div class="wp-block-columns are-vertically-aligned-center has-color-6-background-color has-background is-layout-flex wp-container-core-columns-is-layout-9d6595d7 wp-block-columns-is-layout-flex">
<div class="wp-block-column is-vertically-aligned-center is-layout-flow wp-block-column-is-layout-flow">
<figure class="wp-block-image size-large"><img decoding="async" width="768" height="1024" src="https://parcbellevue.com/wp-content/uploads/2025/11/evenement-senior-768x1024.jpg" alt="evento para mayores" class="wp-image-4612" srcset="https://parcbellevue.com/wp-content/uploads/2025/11/evenement-senior-768x1024.jpg 768w, https://parcbellevue.com/wp-content/uploads/2025/11/evenement-senior-225x300.jpg 225w, https://parcbellevue.com/wp-content/uploads/2025/11/evenement-senior-1152x1536.jpg 1152w, https://parcbellevue.com/wp-content/uploads/2025/11/evenement-senior-1536x2048.jpg 1536w, https://parcbellevue.com/wp-content/uploads/2025/11/evenement-senior-scaled.jpg 1920w" sizes="(max-width: 768px) 100vw, 768px" /></figure>
</div>



<div class="wp-block-column is-vertically-aligned-center is-layout-flow wp-block-column-is-layout-flow">
<h2 class="ls__heading wp-block-heading has-large-font-size"><strong>Estancias de larga duración</strong></h2>



<p class="ls-paragraph has-color-white-color has-text-color has-link-color wp-elements-a0c805e23ed0674dcb12372d20f28fe6">Tómate tu tiempo para recargar las pilas, descubrir la región y disfrutar de la Costa Azul en un entorno tranquilo y frondoso.</p>



<h2 class="ls__heading wp-block-heading has-large-font-size"><strong>Periodos disponibles</strong></h2>



<ul class="ls-list ls-list-undefined wp-block-list">
<li class="has-color-white-color has-text-color has-link-color wp-elements-ac85008c63bc602f109f62cafddc1133">De marzo a junio</li>



<li class="has-color-white-color has-text-color has-link-color wp-elements-b24a5371fb0cf39acd44f89994b6ad8d">De septiembre a diciembre</li>
</ul>



<h2 class="ls__heading wp-block-heading has-large-font-size"><strong>Las ventajas del paquete</strong></h2>



<ul class="ls-list ls-list-undefined wp-block-list">
<li class="has-color-white-color has-text-color has-link-color wp-elements-f04cb3ff49dbee87e743faa70ab325ad">Tarifas preferentes para estancias de larga duración</li>



<li class="has-color-white-color has-text-color has-link-color wp-elements-5baf0c15bbdc0d9facb9372fbbc87f67">Un entorno relajante, perfecto para desconectar</li>



<li class="has-color-white-color has-text-color has-link-color wp-elements-925da5627d4794abe1c3692bf9426dcb">Acceso a todas las instalaciones del camping (piscina, restaurante, animación según la temporada&#8230;)</li>



<li class="has-color-white-color has-text-color has-link-color wp-elements-563857f34197e9621ad92aabdf8129a5">La proximidad de Cannes, el Mar Mediterráneo y los pueblos típicos de la Provenza</li>
</ul>
</div>
</div>


    </div>
</section><section id="ls-section-block_ed240dbc48ed133566772d791f76601a" class="ls-section  has-m-t m-t-0" >
        <div class="container ">
        

<p class="ls-paragraph has-text-align-center has-color-1-color has-text-color">👉 Regálate un mes de vacaciones en completa tranquilidad, en un ambiente cálido y acogedor especialmente diseñado para personas mayores.</p>



<p class="ls-paragraph has-text-align-center has-color-1-color has-text-color">Ponte en contacto con nosotros directamente en el 04 93 47 28 97 para informarte sobre nuestra disponibilidad y ofertas.</p>


    </div>
</section>
